{"id":42,"date":"2010-04-02T13:34:37","date_gmt":"2010-04-02T11:34:37","guid":{"rendered":"http:\/\/www.jeute.com\/?page_id=42"},"modified":"2010-06-08T13:30:13","modified_gmt":"2010-06-08T11:30:13","slug":"el-autor","status":"publish","type":"page","link":"http:\/\/www.jeute.com\/?page_id=42","title":{"rendered":"El Autor"},"content":{"rendered":"<p><em><span style=\"color: #000000;\">Nacido en Sevilla en Octubre de1966.<\/span><\/em><\/p>\n<p><strong><em><span style=\"color: #000000;\">DATOS ACAD\u00c9MICOS <\/span><\/em><\/strong><\/p>\n<p><em><span style=\"color: #000000;\">&#8211; Estudios de E.G.B., B.U.P. y C.O.U. en el Colegio San Antonio Mar\u00eda Claret de Sevilla<\/span><\/em><\/p>\n<p><em><span style=\"color: #000000;\">&#8211; Licenciado en Bellas Artes por la Universidad Santa Isabel de Hungr\u00eda de Sevilla, a\u00f1o 1990, en la rama de Escultura.<\/span><\/em><\/p>\n<p><em><span style=\"color: #000000;\">&#8211; Entre los a\u00f1os 1988-1990 completa el aprendizaje en imaginer\u00eda en el estudio de D. Antonio Dub\u00e9 de Luque.<\/span><\/em><\/p>\n<p><span style=\"color: #000000;\">\u00a0<\/span><\/p>\n<p><strong><em><span style=\"color: #000000;\">DATOS PROFESIONALES:<br \/>\n\u00a0<\/span><\/em><\/strong><\/p>\n<p><em><span style=\"color: #000000;\">En el a\u00f1o 1992 ingresa como Profesor de Dibujo en el Colegio Santo Tom\u00e1s de Aquino (Sevilla), actualmente y desde el a\u00f1o 1998 imparte las materias de Educaci\u00f3n Pl\u00e1stica y Visual e\u00a0Inform\u00e1tica en el colegio Religiosas Calasancias de Sevilla.<\/span><\/em><\/p>\n<p><span style=\"color: #000000;\"><strong><em>OBRAS ESCULT\u00d3RICAS M\u00c1S REPRESENTATIVAS<\/em><\/strong><\/span><\/p>\n<p><em><span style=\"color: #000000;\">&#8211; Sagrado Coraz\u00f3n de Jes\u00fas.<br \/>\nConvento de las Carmelitas descalzas. (1991-Aravaca. Madrid).<\/span><\/em><\/p>\n<p><em><span style=\"color: #000000;\">&#8211; Santa Teresita del Ni\u00f1o Jes\u00fas.<br \/>\nConvento de las Carmelitas descalzas. (1991- M\u00e1laga).<\/span><\/em><\/p>\n<p><em><span style=\"color: #000000;\">&#8211; Nuestra Sra. del Rosario Doloroso.<br \/>\nParroquia San Ignacio de Loyola. (1991-Sevilla).<\/span><\/em><\/p>\n<p><em><span style=\"color: #000000;\">&#8211; Nuestra Sra. de la Estrella.<br \/>\nParroquia San Isidro Labrador. (1992-Almer\u00eda).<\/span><\/em><\/p>\n<p><em><span style=\"color: #000000;\">&#8211; Nuestra Sra. de la Esperanza.(1993-Oria. Almer\u00eda).<\/span><\/em><\/p>\n<p><em><span style=\"color: #000000;\">&#8211; Misterio Sagrada Entrada en Jerusal\u00e9n.(1993-Motril. Granada).<\/span><\/em><\/p>\n<p><em><span style=\"color: #000000;\">&#8211; Mar\u00eda del Dulce Nombre.(1995-Le\u00f3n).<\/span><\/em><\/p>\n<p><em><span style=\"color: #000000;\">&#8211; San Juan Evangelista.(1996-Le\u00f3n).<\/span><\/em><\/p>\n<p><em><span style=\"color: #000000;\">&#8211; Beato Faustino M\u00edguez.(1998 &#8211; Sevilla)<\/span><\/em><\/p>\n<p><em><span style=\"color: #000000;\">&#8211; N. P. J. de las Penas . (1999- Almer\u00eda)<\/span><\/em><\/p>\n<p><span style=\"color: #000000;\"><em>&#8211; Im\u00e1genes del misterio de Ntro. P. J. de las Penas. (2005\/2010- Almer\u00eda)<\/em><\/span><\/p>\n<p><em><span style=\"color: #ffffff;\"><strong><br \/>\n<span style=\"color: #000000;\">RESTAURACIONES<\/span><\/strong><\/span><\/em><\/p>\n<p><em><span style=\"color: #000000;\">&#8211; 1995: Mar\u00eda Magdalena, Mar\u00eda Cleof\u00e1s y Mar\u00eda Salom\u00e9 del 1\u00ba paso de la Hermandad de La Sagrada Lanzada. (Sevilla).<\/span><\/em><\/p>\n<p><em><span style=\"color: #000000;\">&#8211; 1996: Bustos de Nuestro Se\u00f1or y Mar\u00eda Sant\u00edsima. Colegio de los Escolapios. (Sevilla).<\/span><\/em><\/p>\n<p><em><span style=\"color: #000000;\">&#8211; 1996: Sant\u00edsima Virgen del Carmen. Parroquia de La Algaba. (Sevilla).<\/span><\/em><\/p>\n<p><em><span style=\"color: #000000;\">&#8211; 1997: San Juan Evangelista. Iglesia de San Blas. Carmona (Sevilla).<\/span><\/em><\/p>\n<p><em><span style=\"color: #000000;\">&#8211; 1999: \u00c1ngeles de la Virgen de la Asunci\u00f3n. Cantillana (Sevilla).<\/span><\/em><\/p>\n<p><span style=\"color: #000000;\">\u00a0<\/span><\/p>\n<p><em><span style=\"color: #000000;\"><strong>PUBLICACIONES<br \/>\n\u00a0<\/strong><\/span><\/em><\/p>\n<p><em><span style=\"color: #000000;\">&#8211; 1990: \u00abEl arte en las cofrad\u00edas\u00bb<br \/>\n1\u00ba Edici\u00f3n de Enero, Bolet\u00edn Hermandad de la Sagrada Lanzada.<\/span><\/em><\/p>\n<p><em><span style=\"color: #000000;\">&#8211; 1990: \u00abEl arte en las cofrad\u00edas\u00bb<br \/>\n2\u00aa Edici\u00f3n de Febrero,\u00a0 Bolet\u00edn Hermandad de la Sagrada Lanzada.<\/span><\/em><\/p>\n<p><em><span style=\"color: #000000;\">&#8211; 1990: Cartel anunciador \u00abI Acto Exaltaci\u00f3n Cofrade Barrio Feria-Alameda\u00bb<\/span><\/em><\/p>\n<p><em><span style=\"color: #ffffff;\"><span style=\"color: #000000;\"><strong>&#8211; <\/strong>2004<strong>: <\/strong>Direcci\u00f3n t\u00e9cnica y dise\u00f1o grafico de la revista digital de cultura visual y educaci\u00f3n art\u00edstica REDVISUAL ( <\/span><a href=\"http:\/\/www.redvisual.net\/\"><span style=\"color: #000000;\">www.redvisual.net<\/span><\/a><span style=\"color: #000000;\"> )\u00a0 ISSN\u00a0\u00a0 n\u00ba 1697-9966<\/span><\/span><\/em><\/p>\n<p><em><span style=\"color: #ffffff;\"><strong><br \/>\n<span style=\"color: #000000;\">CONFERENCIAS<\/span><\/strong><\/span><\/em><\/p>\n<p><em><span style=\"color: #000000;\">&#8211; 1992: Conferencia sobre procedimientos escult\u00f3ricos y pict\u00f3ricos en la talla Religiosa.<br \/>\nParroquia San Ignacio de Loyola (Sevilla)<\/span><\/em><\/p>\n<p><em><span style=\"color: #000000;\">&#8211; 1997: Conferencia sobre la obra de D. Antonio Eslava.<br \/>\nIglesia de San Blas. Carmona (Sevilla).<\/span><\/em><\/p>\n<p><em><span style=\"color: #000000;\">&#8211; 2000: Conferencia \u00abCriterios en la restauraci\u00f3n de im\u00e1genes procesionales\u00bb<br \/>\nHdad. Sgdo. Coraz\u00f3n de Maria. San Antonio M\u00aa Claret. Sevilla.<\/span><\/em><\/p>\n<p><span style=\"color: #000000;\"><em>&#8211; 2004: Conferencia \u00abInspiraci\u00f3n y sentimiento en la Semana Santa del Siglo XXI\u00bb<br \/>\nHdad.\u00a0 del Amor. Sevilla<\/em><\/span><\/p>\n","protected":false},"excerpt":{"rendered":"<p>Nacido en Sevilla en Octubre de1966. DATOS ACAD\u00c9MICOS &#8211; Estudios de E.G.B., B.U.P. y C.O.U. en el Colegio San Antonio Mar\u00eda Claret de Sevilla &#8211; Licenciado en Bellas Artes por la Universidad Santa Isabel de Hungr\u00eda de Sevilla, a\u00f1o 1990, en la rama de Escultura. &#8211; Entre los a\u00f1os 1988-1990 completa el aprendizaje en imaginer\u00eda [&hellip;]<\/p>\n","protected":false},"author":1,"featured_media":0,"parent":0,"menu_order":1,"comment_status":"closed","ping_status":"closed","template":"","meta":[],"_links":{"self":[{"href":"http:\/\/www.jeute.com\/index.php?rest_route=\/wp\/v2\/pages\/42"}],"collection":[{"href":"http:\/\/www.jeute.com\/index.php?rest_route=\/wp\/v2\/pages"}],"about":[{"href":"http:\/\/www.jeute.com\/index.php?rest_route=\/wp\/v2\/types\/page"}],"author":[{"embeddable":true,"href":"http:\/\/www.jeute.com\/index.php?rest_route=\/wp\/v2\/users\/1"}],"replies":[{"embeddable":true,"href":"http:\/\/www.jeute.com\/index.php?rest_route=%2Fwp%2Fv2%2Fcomments&post=42"}],"version-history":[{"count":4,"href":"http:\/\/www.jeute.com\/index.php?rest_route=\/wp\/v2\/pages\/42\/revisions"}],"predecessor-version":[{"id":45,"href":"http:\/\/www.jeute.com\/index.php?rest_route=\/wp\/v2\/pages\/42\/revisions\/45"}],"wp:attachment":[{"href":"http:\/\/www.jeute.com\/index.php?rest_route=%2Fwp%2Fv2%2Fmedia&parent=42"}],"curies":[{"name":"wp","href":"https:\/\/api.w.org\/{rel}","templated":true}]}}

<p><em><span style="color: #000000;">Nacido en Sevilla en Octubre de1966.</span></em></p>
<p><strong><em><span style="color: #000000;">DATOS ACADÉMICOS </span></em></strong></p>
<p><em><span style="color: #000000;">&#8211; Estudios de E.G.B., B.U.P. y C.O.U. en el Colegio San Antonio María Claret de Sevilla</span></em></p>
<p><em><span style="color: #000000;">&#8211; Licenciado en Bellas Artes por la Universidad Santa Isabel de Hungría de Sevilla, año 1990, en la rama de Escultura.</span></em></p>
<p><em><span style="color: #000000;">&#8211; Entre los años 1988-1990 completa el aprendizaje en imaginería en el estudio de D. Antonio Dubé de Luque.</span></em></p>
<p><span style="color: #000000;"> </span></p>
<p><strong><em><span style="color: #000000;">DATOS PROFESIONALES:<br />
 </span></em></strong></p>
<p><em><span style="color: #000000;">En el año 1992 ingresa como Profesor de Dibujo en el Colegio Santo Tomás de Aquino (Sevilla), actualmente y desde el año 1998 imparte las materias de Educación Plástica y Visual e Informática en el colegio Religiosas Calasancias de Sevilla.</span></em></p>
<p><span style="color: #000000;"><strong><em>OBRAS ESCULTÓRICAS MÁS REPRESENTATIVAS</em></strong></span></p>
<p><em><span style="color: #000000;">&#8211; Sagrado Corazón de Jesús.<br />
Convento de las Carmelitas descalzas. (1991-Aravaca. Madrid).</span></em></p>
<p><em><span style="color: #000000;">&#8211; Santa Teresita del Niño Jesús.<br />
Convento de las Carmelitas descalzas. (1991- Málaga).</span></em></p>
<p><em><span style="color: #000000;">&#8211; Nuestra Sra. del Rosario Doloroso.<br />
Parroquia San Ignacio de Loyola. (1991-Sevilla).</span></em></p>
<p><em><span style="color: #000000;">&#8211; Nuestra Sra. de la Estrella.<br />
Parroquia San Isidro Labrador. (1992-Almería).</span></em></p>
<p><em><span style="color: #000000;">&#8211; Nuestra Sra. de la Esperanza.(1993-Oria. Almería).</span></em></p>
<p><em><span style="color: #000000;">&#8211; Misterio Sagrada Entrada en Jerusalén.(1993-Motril. Granada).</span></em></p>
<p><em><span style="color: #000000;">&#8211; María del Dulce Nombre.(1995-León).</span></em></p>
<p><em><span style="color: #000000;">&#8211; San Juan Evangelista.(1996-León).</span></em></p>
<p><em><span style="color: #000000;">&#8211; Beato Faustino Míguez.(1998 &#8211; Sevilla)</span></em></p>
<p><em><span style="color: #000000;">&#8211; N. P. J. de las Penas . (1999- Almería)</span></em></p>
<p><span style="color: #000000;"><em>&#8211; Imágenes del misterio de Ntro. P. J. de las Penas. (2005/2010- Almería)</em></span></p>
<p><em><span style="color: #ffffff;"><strong><br />
<span style="color: #000000;">RESTAURACIONES</span></strong></span></em></p>
<p><em><span style="color: #000000;">&#8211; 1995: María Magdalena, María Cleofás y María Salomé del 1º paso de la Hermandad de La Sagrada Lanzada. (Sevilla).</span></em></p>
<p><em><span style="color: #000000;">&#8211; 1996: Bustos de Nuestro Señor y María Santísima. Colegio de los Escolapios. (Sevilla).</span></em></p>
<p><em><span style="color: #000000;">&#8211; 1996: Santísima Virgen del Carmen. Parroquia de La Algaba. (Sevilla).</span></em></p>
<p><em><span style="color: #000000;">&#8211; 1997: San Juan Evangelista. Iglesia de San Blas. Carmona (Sevilla).</span></em></p>
<p><em><span style="color: #000000;">&#8211; 1999: Ángeles de la Virgen de la Asunción. Cantillana (Sevilla).</span></em></p>
<p><span style="color: #000000;"> </span></p>
<p><em><span style="color: #000000;"><strong>PUBLICACIONES<br />
 </strong></span></em></p>
<p><em><span style="color: #000000;">&#8211; 1990: «El arte en las cofradías»<br />
1º Edición de Enero, Boletín Hermandad de la Sagrada Lanzada.</span></em></p>
<p><em><span style="color: #000000;">&#8211; 1990: «El arte en las cofradías»<br />
2ª Edición de Febrero,  Boletín Hermandad de la Sagrada Lanzada.</span></em></p>
<p><em><span style="color: #000000;">&#8211; 1990: Cartel anunciador «I Acto Exaltación Cofrade Barrio Feria-Alameda»</span></em></p>
<p><em><span style="color: #ffffff;"><span style="color: #000000;"><strong>&#8211; </strong>2004<strong>: </strong>Dirección técnica y diseño grafico de la revista digital de cultura visual y educación artística REDVISUAL ( </span><a href="http://www.redvisual.net/"><span style="color: #000000;">www.redvisual.net</span></a><span style="color: #000000;"> )  ISSN   nº 1697-9966</span></span></em></p>
<p><em><span style="color: #ffffff;"><strong><br />
<span style="color: #000000;">CONFERENCIAS</span></strong></span></em></p>
<p><em><span style="color: #000000;">&#8211; 1992: Conferencia sobre procedimientos escultóricos y pictóricos en la talla Religiosa.<br />
Parroquia San Ignacio de Loyola (Sevilla)</span></em></p>
<p><em><span style="color: #000000;">&#8211; 1997: Conferencia sobre la obra de D. Antonio Eslava.<br />
Iglesia de San Blas. Carmona (Sevilla).</span></em></p>
<p><em><span style="color: #000000;">&#8211; 2000: Conferencia «Criterios en la restauración de imágenes procesionales»<br />
Hdad. Sgdo. Corazón de Maria. San Antonio Mª Claret. Sevilla.</span></em></p>
<p><span style="color: #000000;"><em>&#8211; 2004: Conferencia «Inspiración y sentimiento en la Semana Santa del Siglo XXI»<br />
Hdad.  del Amor. Sevilla</em></span></p>

<p>Nacido en Sevilla en Octubre de1966. DATOS ACADÉMICOS &#8211; Estudios de E.G.B., B.U.P. y C.O.U. en el Colegio San Antonio María Claret de Sevilla &#8211; Licenciado en Bellas Artes por la Universidad Santa Isabel de Hungría de Sevilla, año 1990, en la rama de Escultura. &#8211; Entre los años 1988-1990 completa el aprendizaje en imaginería [&hellip;]</p>
